culate the highest common factor of l and z.
58
Let n be (-42024)/(-60) - (102/30 + -3). Calculate the greatest common divisor of n and 56.
28
Suppose 0 = 2*l + 5*k - 41, 74*k = 5*l + 72*k - 30. What is the highest common divisor of l and 19336?
8
Suppose -4*g = -3*g - 3*k - 157, 4*k + 796 = 5*g. Suppose -o - 4*m = -68, -249 = -119*o + 116*o + 3*m. Calculate the highest common factor of g and o.
80
Suppose -5*z = -10*z + 2240. Suppose 0 = 14*r + 3*t - 223, -297*t - 32 = -r - 299*t. What is the greatest common factor of z and r?
14
Let s = -2040 + 2367. What is the highest common factor of s and 3?
3
Suppose 23773 = 552*g - 12659. Suppose -123 = -5*i - h, -3*i - 3*h + 5*h = -66. What is the highest common divisor of g and i?
6
Let j be (8 - 7) + -2 + 6. Suppose 2*f + 24 = j*m, 9*m + 5*f = 7*m - 2. What is the highest common factor of m and 4?
4
Suppose -148*g + 146*g = -4. Suppose -4*c = 5*l - 58, 0 = -7*l + 9*l + g*c - 24. Suppose 0 + 20 = 5*m. What is the highest common factor of m and l?
2
Let v(k) = k**2 - 5*k - 27. Let a be (-8 + -1 + 0)/(30 + -31). Let d be v(a). Calculate the highest common divisor of 72 and d.
9
Let u = 21 + -11. Let c be 2/5*5*2. Suppose -111 = -c*h + 3*f, h + 3*f - 2 - 37 = 0. What is the greatest common divisor of u and h?
10
Let a = 39829 + -39759. What is the highest common divisor of 11530 and a?
10
Let l(o) = 3*o**2 + 16*o - 133. Let w be l(-12). Suppose 5*j + 5 = -3*v + w, -3*v + 66 = 3*j. What is the highest common factor of 36 and j?
18
Let x be (2 - (-27)/(-15))/((-4)/(-20)). Let v be x/(-2)*-10*(-294)/(-30). What is the greatest common divisor of v and 35?
7
Suppose 0 = -4684*r + 4682*r + 170. Let p be -2 + (-4638)/(-27) + (-2)/(-9). What is the highest common factor of p and r?
85
Suppose -102*n + 100*n + 2682 = 3*a, -4*n - a + 5374 = 0. Calculate the highest common factor of n and 2184.
168
Let n be 2/2 + (-41 - -2). Let a = n - -62. Suppose 562 = -9*u + 2*u + 646. Calculate the greatest common divisor of a and u.
12
Suppose 126*i - 131*i - 70 = 0. Let x(c) = c**3 + 13*c**2 - 15*c + 12. Let k be x(i). Calculate the highest common factor of k and 26.
26
Let u be 6*((-96)/(-432))/(2/12). Suppose z - 27 = 29. What is the highest common divisor of z and u?
8
Suppose 5*p - 2438 = 4*g, -26*p + 25*p - 3*g = -499. Calculate the highest common divisor of 30 and p.
10
Let t(p) = -p**3 + 7*p**2 + 69*p - 27. Let d be t(7). Calculate the highest common factor of d and 1938.
114
Suppose 3*u + 9384 = 4*w, 72*u = w + 68*u - 2333. What is the highest common factor of 29 and w?
29
Let j = 406 + -237. Let d be j/338*-8*(-1 + -6). Calculate the highest common divisor of d and 364.
28
Suppose -137*m - 265*m - 1546467 + 13675209 = 0. What is the greatest common factor of m and 267?
267
Suppose 55*j = -80*j + 2025. Let l(g) = 33*g**2 - 1. Let u be l(-1). Suppose -23*s + u = -j*s. Calculate the highest common factor of 4 and s.
4
Let p(r) = -r**2 + 10*r + 3. Let b be p(9). Suppose -10*q = -38 - b. What is the highest common divisor of q and 15?
5
Suppose -25*g - 88 = -2238. Calculate the highest common factor of g and 4214.
86
Let l(r) = 12*r + 2. Suppose 2*a - 2 = -4*y, -2*y + 7 = -3*y + a. Let h be l(y). Let j = 42 + h. Calculate the greatest common factor of 80 and j.
20
Let u(a) = -4*a**2 - 117*a - 554. Let l be u(-23). Calculate the highest common factor of l and 15897.
21
Let u be (6 + -2)/(2/122). Let f = u + -239. Calculate the highest common factor of f and 25.
5
Let m = -3469 + 3535. What is the highest common factor of 5896 and m?
22
Suppose -1276 = -28*h + 96. Suppose 2*m + 2*v - 43 - h = 0, -3*v + 234 = 5*m. What is the greatest common factor of 624 and m?
48
Let g be (1 - (-2)/(-6))*4320/64. What is the highest common divisor of g and 345?
15
Let k be (-88)/11 - 8/(-2). Let a = k + 132. What is the highest common divisor of a and 4?
4
Suppose 27*m + 4*m - 786 - 1074 = 0. Let y = 2025 - 1395. What is the highest common factor of m and y?
30
Let f be ((144/14)/1)/((-3)/(-14)). Let g = -44 + f. Suppose -t - 57 = -g*t. Calculate the highest common divisor of t and 76.
19
Suppose 0 = -d - 2*b + 28 + 7, 3*d + 2*b = 117. Suppose -44*y = -d*y - 9. What is the highest common factor of 24 and y?
3
Suppose 0*s + s = 2*c - 69, -c - 4*s = -12. Let k = -12013 + 12057. Calculate the highest common divisor of k and c.
4
Let h(x) = 14*x + 9. Let f be h(-8). Let y = 101 + f. Let a be -17*y*4/8. What is the highest common divisor of 17 and a?
17
Suppose -k + 6*k = -3*g - 32, -5*g - 16 = -k. Let c be g/(-16) + ((-1548)/(-16) - -3). Let l = -82 + c. What is the highest common factor of 54 and l?
18
Suppose 2*m + 29 + 53 = 2*s, 4*s - 2*m - 160 = 0. Calculate the highest common divisor of s and 429.
39
Let s(n) = -42*n - 16. Let q be s(-3). Let i be ((-28)/(-12))/((-2)/66). Let z = i + q. Calculate the greatest common divisor of 3 and z.
3
Let q be 626 + 30 + (23 - 33). Calculate the greatest common divisor of 952 and q.
34
Let d be (-768)/3*(-10)/8. Suppose 19*x = 25*x - 768. Calculate the highest common divisor of x and d.
64
Suppose 17*c - 60203 + 240747 = 108*c. Calculate the highest common divisor of 186 and c.
62
Let b = -1624 + 1684. What is the highest common divisor of 735 and b?
15
Let k = 2 + 2. Let c be (-900)/(-63) + k/(-14). Let v(w) = -w**2 - 391*w - 1923. Let u be v(-5). Calculate the greatest common divisor of u and c.
7
Suppose 4*f + 4*f = 32. Suppose 2*a + 6 + f = 0. Let c be 20 - (20/a + 4). What is the highest common divisor of c and 160?
20
Let r = 5983 + 2137. What is the greatest common divisor of 20 and r?
20
Let d = -150 + 456. Suppose -173*s = -182*s + d. What is the highest common factor of 578 and s?
34
Let r(i) be the second derivative of 20*i + 4*i**2 + 0 - 1/12*i**4 + 8/3*i**3. Let o be r(8). What is the highest common factor of o and 180?
36
Let c be (-24)/(-1) - (2 - 1). Let j be 256 - ((-15)/25 - 18/(-5)). What is the highest common divisor of c and j?
23
Suppose a + 58 = 6*l - l, 0 = 4*a + 12. Suppose -1378 = -l*r - 421. What is the greatest common factor of 29 and r?
29
Let t(l) = l**2 + 29*l - 18. Let v be t(-30). Let g = 15 - -3. What is the highest common divisor of g and v?
6
Suppose 31720 = -1149*i + 1162*i. Calculate the greatest common divisor of 20 and i.
20
Let h = 19 - -65. Suppose -5256 = -256*d + 37*d. Calculate the highest common factor of d and h.
12
Let c = -116 - -328. Let s = 278 - c. What is the highest common divisor of 44 and s?
22
Suppose -105*b + 507 - 24 = -98*b. What is the highest common divisor of b and 13593?
69
Suppose 3*v - 8*v + 110 = 0. Suppose 12*y - 3*m - 883 = 7*y, 876 = 5*y + 4*m. What is the highest common divisor of y and v?
22
Let r = 32845 + -32818. What is the highest common divisor of r and 2979?
9
Suppose 4*s - 16 = -2*b, 5*b - 8 = -s - s. Let z(x) = x + 38. Let r be z(b). Let k be r*(0 - (7/(-2))/7). Calculate the highest common divisor of k and 209.
19
Let v(s) = s**3 - 8*s**2 + 3*s - 14. Suppose 44*g - 56 = 36*g. Let w be v(g). Let m = w + 114. Calculate the greatest common factor of 8 and m.
8
Let j = -13846 - -13946. Calculate the highest common factor of 175 and j.
25
Let m = -137 + -306. Let z = m - -458. What is the greatest common divisor of 15 and z?
15
Let r = 404 + -182. Suppose -472*n - 9176 = -596*n. Calculate the greatest common divisor of n and r.
74
Let m = 26872 - 21911. Calculate the highest common divisor of m and 82.
41
Suppose -2*b = 2 - 0. Let n(m) = 714*m**2 - 2*m - 2. Let o be n(b). Let u be (o/(-147))/(2/(-14)). Calculate the highest common factor of u and 51.
17
Let r = 16446 + -16366. Calculate the highest common divisor of 3580 and r.
20
Suppose 4*h = h + z + 34, -2*h + 36 = 2*z. Suppose -2*n + 21 = h, 3*s - 4*n - 83 = 0. Calculate the highest common divisor of s and 33.
33
Let c(a) = 1091*a + 11. Let t be c(1). Suppose -23*n - 90 + t = 0. Let g(o) = -2*o. Let j be g(-2). What is the greatest common divisor of n and j?
4
Let c(q) = -q**3 + 8*q + 7. Let y be c(5). Let g be y*((-31)/6 - -5). Calculate the highest common factor of 143 and g.
13
Let g be (16/(-4) - 4) + (-40)/(-2). What is the greatest common divisor of 1668 and g?
12
Let f = -53 - -74. Suppose -3*i - f + 15 = 0. Let n(t) = -21*t - 9. Let y be n(i). Calculate the h